der when (-7)/210*-3 - 159/(-10) is divided by g?
7
Suppose -7*w + 72 + 5 = 0. Suppose 3*i - 2*y = 80, 5*i + 0*y = 3*y + 135. What is the remainder when i is divided by w?
8
Suppose 19*q = 33*q - 224. Calculate the remainder when 95 is divided by q.
15
Suppose -139 = -3*t + 23. Calculate the remainder when t is divided by 19.
16
Suppose 28*m - 470 = 18*m. What is the remainder when 182 is divided by m?
41
Suppose 5*j + 245 = 5*y, y = -0*y - 2*j + 34. Calculate the remainder when 164 is divided by y.
32
Let o = 37 - 14. Let h = o + -2. What is the remainder when 161/2 + 9/6 is divided by h?
19
Let q = 100 - 157. Let h = q - -97. What is the remainder when h is divided by 24?
16
Let u = 891 - 869. Suppose -5*s + 3*s = 8. Let m(d) = d**3 + 4*d**2 - 3*d - 4. What is the remainder when u is divided by m(s)?
6
Suppose 3*a + 380 = 2*k, 370 = 2*k + 8*a - 6*a. Calculate the remainder when k is divided by 51.
34
Let b(u) = 106*u**3 + 2*u**2 - 1. Let j be b(1). Let d = 144 - 206. Let n = d + j. What is the remainder when n is divided by 16?
13
Let g(k) = 7*k**2 + 10*k - 43. Calculate the remainder when g(6) is divided by 27.
26
Let o(n) = -5*n**3 - 122*n**2 - 47*n + 33. What is the remainder when 600 is divided by o(-24)?
6
Let z(v) = 109*v + 238. What is the remainder when (1 + 0)*70 + -2 is divided by z(-2)?
8
Suppose -3*t = 3*j - 0*t - 15, -3*j - t = -21. Suppose -j = -4*q + 2*q. What is the remainder when 29 is divided by q?
1
Let q(k) = 24*k - 94. What is the remainder when q(9) is divided by 63?
59
Let b(c) = -c**3 - 7*c**2 - 8*c. Suppose -x = -4*x - 18. Let a be b(x). Calculate the remainder when (-2355)/(-90) - 2/a is divided by 14.
12
Let v(r) = r**3 + 20*r**2 - 10*r. What is the remainder when v(-20) is divided by 67?
66
Let x(c) = 34*c**2 - 2*c + 1. Suppose 12*s - 24 = -12 + 72. Calculate the remainder when x(1) is divided by s.
5
Suppose -42*b = -46*b + 108. Calculate the remainder when 106 is divided by b.
25
Suppose -37 = -5*c - 12. Let s(i) = -i**3 - 5*i**2 - 4. Let o be s(-5). Calculate the remainder when o*5/((-10)/4) is divided by c.
3
Let m = -25 + 70. What is the remainder when ((-462)/28*-6)/(6/8) is divided by m?
42
Let w be (0/(-9))/((-1)/(-1)). Suppose 3*t - 171 + 45 = w. Suppose 4*k = -k + 55. Calculate the remainder when t is divided by k.
9
Let s(i) = 2*i**3 - 16*i**2 + 22*i + 19. Calculate the remainder when s(8) is divided by 18.
15
Let l = 193 - 117. Let v = l - 50. Let f(w) = 27*w - 6. Calculate the remainder when f(4) is divided by v.
24
Let p(i) = i - 54. Let h be p(0). Let f = 120 + h. Suppose -7*r + f = -r. What is the remainder when 52 is divided by r?
8
Let g(y) = 8*y - 76. What is the remainder when 1033 is divided by g(13)?
25
Let r(n) = -n**3 + 6*n**2 - 4*n - 2. Let m be r(6). Suppose 0*l = 3*l - 144. Let j = m + l. What is the remainder when 87 is divided by j?
21
What is the remainder when (-2 + -34)*5/(-4) is divided by 12?
9
Let g be 0 + 2 + 4 + 0. Calculate the remainder when (2/(g/1))/(12/3564) is divided by 13.
8
Let j(r) = r**2 - 8*r + 5. Let x be j(7). Let g be (2 - (3 + x)) + 195. Suppose -4*q + 6*q = g. Calculate the remainder when q is divided by 25.
23
Calculate the remainder when 269 is divided by 20*2/((-12)/(-9)) + 0.
29
Calculate the remainder when 26 is divided by 2/11*-1 - (-1313)/143.
8
Suppose 3*d + 49 = -5*a + 236, -5*a = -25. Suppose 2 - 58 = 4*m. What is the remainder when d is divided by (m/(-5))/(10/50)?
12
What is the remainder when 348 is divided by (3 + 7)*(9 + -8)?
8
Let d = -732 - -807. What is the remainder when d is divided by 30?
15
Suppose -60 + 1347 = 39*n. Calculate the remainder when 395 is divided by n.
32
Suppose -1 = 2*w - v - 3, -3*w + v + 4 = 0. Suppose 4*a + 6*g - 7 = g, -5*g = w*a - 1. Suppose 6 = 5*o - a*o. What is the remainder when 10 is divided by o?
1
Suppose -2 = -2*f + 2*q + 10, -4*f + 3 = 3*q. Suppose -f*l - 4*m + 419 = -0*l, m = 5. What is the remainder when l is divided by 27?
25
Let t = 142 + -163. What is the remainder when (-476)/t + 2/(-3) is divided by 12?
10
Suppose -42 = -2*g - 20. Suppose g*m = 7*m + 172. What is the remainder when m is divided by 9?
7
Suppose 39 = -25*x + 464. Calculate the remainder when 25 is divided by x.
8
Suppose -3*k + 34 = -41. Suppose 3*r - 41 = -4*a, -k = -3*r + a + 3*a. Calculate the remainder when r + -9 + (2 - 1) is divided by 1.
0
Let n = 24 - 19. Suppose n*u - 192 = 2*u. What is the remainder when u is divided by 33?
31
Calculate the remainder when 49 is divided by -5*((-69)/15 - (-4)/(-10)).
24
Let v(z) = z**3 - 2*z**2 - 31*z + 34. Suppose -5 = -4*q + 63. What is the remainder when v(7) is divided by q?
11
Let v = -28 - -47. Suppose 3*q = 120 + 90. Calculate the remainder when q is divided by v.
13
Suppose -506 - 529 = -15*m. Calculate the remainder when m is divided by 10.
9
What is the remainder when 29 is divided by (-75)/(-45)*(1 - -2) + -2?
2
Suppose 3*j = -b - 17, -6*j - 5*b = -4*j - 6. Let f = j + 9. Calculate the remainder when 9 is divided by f.
1
Suppose 4*j + 47 = 5*j - 5*c, -3*c = -3*j + 93. Calculate the remainder when j is divided by (1*-2*8)/(-158 + 157).
11
Let z be 140 - (4 + -3 + -3). Suppose -7*m = -5*m - z. What is the remainder when m is divided by 18?
17
Let u(q) = 3*q - 15. Let x be u(-4). What is the remainder when 31/3 + (-2)/6 is divided by (-25)/(-4) - x/(-108)?
4
Let f = -10 - -24. Suppose -c + 0*u + 6 = 2*u, -f = -5*c - 2*u. Calculate the remainder when c is divided by (-2)/(-5)*(4 - -1).
0
Suppose 0 = 4*j - 0*j + 5*g - 51, 5*g + 82 = 3*j. Suppose 0 = -3*a - j - 20. Let r = a + 27. Calculate the remainder when 40 is divided by r.
12
Let i = -4 - -2. Let a = 9 + i. Suppose 0 = -a*f + 3*f + 260. Calculate the remainder when f is divided by 22.
21
Suppose -724 + 884 = 8*i. What is the remainder when 67 is divided by i?
7
Let i(g) be the third derivative of -g**4/4 - g**3 - 16*g**2. Calculate the remainder when i(-4) is divided by 1/4 + (-76)/(-16).
3
Let i(p) = 2*p**2 + 9*p + 10. Let w be 4*(-3)/(-6) + (-1 - 8). What is the remainder when i(w) is divided by 23?
22
Let l(b) = -13*b**2 + 63 - 157 + b**3 + 72 + 2*b. What is the remainder when 22 is divided by l(13)?
2
Suppose -8*l + 170 = -3*l. Suppose -d = 5*d - 108. Calculate the remainder when l is divided by d.
16
Let x be ((-10)/8)/(10/(-40)). Suppose -a + x = -10. Calculate the remainder when a is divided by 4.
3
Let t = 0 + 60. Suppose 5*j - 2*r = -7*r + 260, j = -3*r + t. Calculate the remainder when j is divided by 17.
14
Let c(n) = 137*n + 1381. Suppose -12 = 3*u + u. Let v(a) = -a**3 + 4*a**2 + 3*a - 1. Calculate the remainder when v(u) is divided by c(-10).
9
Let g be ((-7)/(-4))/((-5)/20). Calculate the remainder when 326/14 + 2/g is divided by 6.
5
Let d = -809 + 826. What is the remainder when 180 is divided by d?
10
Suppose -4*w + 1166 = 4*l - 2*l, -5*w + 1420 = -5*l. What is the remainder when w is divided by 33?
25
Let j = 10 + -10. Suppose j = 2*o - 101 - 7. Calculate the remainder when o is divided by 2*-3*(-56)/12.
26
Let g = 37 + -20. Let x = 104 - -55. Let z = -93 + x. What is the remainder when z is divided by g?
15
Let j be 175 - (-3 - -6) - -4. Suppose -j = -7*m - 9*m. Calculate the remainder when m is divided by 7.
4
Let w(j) = -11*j + 30. Calculate the remainder when 18 is divided by w(2).
2
Suppose 137 + 47 = 4*n. Suppose -3*q - 84 = -5*l, 3*l = -3*q + 2*q + 56. Let c = l - 2. Calculate the remainder when n is divided by c.
14
Suppose 5*l + 4*n - 263 = 0, -l - 4*l + 261 = 3*n. Let u(x) = -x + 6. What is the remainder when l is divided by u(-7)?
12
Let y(v) = 3*v + 20. What is the remainder when y(8) is divided by (-2)/4*-46 + 0?
21
Let k = -4 - -6. Suppose -k*q + 40 = -5*a, 2*q = -3*q + 3*a + 62. Suppose -3*v + 5 + 13 = 0. Calculate the remainder when q is divided by v.
4
What is the remainder when 87/(-522) + (-1 - 986/(-12)) is divided by 3?
0
Let i(y) = 2*y**2 + 6*y + 473. Calculate the remainder when i(0) is divided by 14.
11
What is the remainder when 8/28 - 5*268/(-14) is divided by 11?
8
Let o be (2/3)/((-7)/210). Let d = 5 - -7. Calculate the remainder when (-9)/(-3) + (-1 - o) is divided by d.
10
What is the remainder when 70 is divided by (65/2)/((-10)/(-16)*2)?
18
Let n(t) = -21*t**3 + t. Let c be n(-1).